prime factors of (4530/2)/(-3 - d)?
5, 151
Suppose -2*y + 864 = -6*y. Let g = y + 826. What are the prime factors of g?
2, 5, 61
Let s(z) = -160*z**2 - 9*z - 19. Let t(n) = -158*n**2 - 9*n - 18. Let o(q) = -3*s(q) + 2*t(q). List the prime factors of o(-2).
659
Let c(t) be the third derivative of 1/60*t**5 + 0*t + 11/3*t**3 + t**2 - 5/24*t**4 + 0. What are the prime factors of c(7)?
2, 3
Let y(z) = 2*z**3 - 3*z**2 + 8887. What are the prime factors of y(0)?
8887
Suppose 3*s - 13 = 5*u - 34, 0 = -5*u + s + 17. Suppose u*n - 27 - 27 = 0. What are the prime factors of n?
2, 3
Let o(w) = 119*w - 747. List the prime factors of o(104).
29, 401
Suppose 13*u = -5*u - 8820. Let a = -383 - u. List the prime factors of a.
107
Let g = -3052 - -6992. Suppose s + 781 = d, 0 = -5*d + 7*s - 9*s + g. List the prime factors of d.
2, 3, 131
Suppose -5*k = 4*m - 17, -5*m + 3 = 5*k - 12. Suppose 0 = -u + 3*q + 946, -5*q - 1891 = k*u - 7*u. List the prime factors of u.
23, 41
Suppose 299 = -15*n + 959. Let m(d) = -2*d**2 - 8*d - 10. Let b be m(-9). Let y = n - b. List the prime factors of y.
2, 3
Suppose 702*m - 18728 = 697*m - 4*k, -40 = 5*k. List the prime factors of m.
2, 7, 67
Suppose 0 = 2*d - 117 + 109. Suppose 6390 = d*p + 5*p. Suppose 21*m = 16*m + p. List the prime factors of m.
2, 71
Let a = 129 - -118. List the prime factors of (-5066)/(-6) - (a/39 - 6).
2, 211
Let n = -17254 - -31815. What are the prime factors of n?
14561
What are the prime factors of -8 - 16/(-32)*(-31892)/(-2)?
3, 5, 59
List the prime factors of -6*4/(-15) - (-4 - 490914/10).
29, 1693
Suppose 2*m - 3*o + 9 = -m, 4*m = 2*o - 12. Let g be (-765)/(-810) - ((-57)/54 - -1). What are the prime factors of 41 - (m + 4) - g?
3, 13
Let k = -300 - -303. Suppose -j = -k*t + 710, -5*t = 5*j - 8*j - 1178. List the prime factors of t.
2, 7, 17
Suppose 820*l = 805*l - 53993 + 795263. List the prime factors of l.
2, 24709
Let t(j) be the third derivative of -j**6/120 - 7*j**5/30 + j**4/2 - 17*j**3/6 + 21*j**2. Let m be t(-14). Let b = -114 - m. What are the prime factors of b?
71
Suppose 1423*w = 1438*w - 53280. What are the prime factors of w?
2, 3, 37
Let f(n) = -8*n**3 - 4*n**2 + 27*n + 6. Let r(c) = -12*c**3 - 6*c**2 + 40*c + 9. Let p(g) = 7*f(g) - 5*r(g). List the prime factors of p(6).
3, 17
Let w(k) = k**2 + 2*k - 12. Let a be w(3). Suppose 0 = m + l + 4 - 5, m - l = a. List the prime factors of (-2)/(m - 764/380).
2, 5, 19
Let o(z) = z**3 - 12*z**2 - 12*z - 13. Let k be o(13). Suppose k = -5*h - 2*i + 1015, -3*h + 0*i + 608 = i. List the prime factors of h.
3, 67
Suppose 2*g + 55704 = 18*g - 21096. List the prime factors of g.
2, 3, 5
Let o(m) = 42*m**2 - 2*m - 14. Let y = 438 + -434. What are the prime factors of o(y)?
2, 5, 13
Suppose 0*t + t - 4*m - 32 = 0, -4*t + 4*m = -80. Suppose 132 = 2*v + t. Suppose 0 = 3*c - v + 16. What are the prime factors of c?
2, 7
Suppose 7*z - 2 + 2 = 0. Suppose -2*r + 3*t = -37, -t + z*t + 21 = r. Suppose r*m = 17*m + 45. List the prime factors of m.
3, 5
Suppose 7*g = 91330 + 40676. What are the prime factors of g?
2, 3, 7, 449
Let w(z) = z**3 - 8*z**2 + 18*z - 18. Let p = -261 - -273. List the prime factors of w(p).
2, 3, 43
Let k = 4120 - 1073. Suppose -5*t + 3273 = 3*x - k, 5*x - 6310 = -5*t. What are the prime factors of t?
7, 181
Let u = -1279 - -3066. List the prime factors of u.
1787
Suppose 690 = 4*n - 2*p, 405 = 2*n + p + 70. List the prime factors of 1*(n + (-24)/(-8)).
173
List the prime factors of 14134/22 + 2682/4917.
643
Let b(a) = 2*a**2 - 2*a - 8. Let k(y) = -2*y**3 + 6*y**2 + 7*y - 9. Let o be k(5). Let w = o + 65. List the prime factors of b(w).
2, 43
Suppose 0 = -5*r - 30, -4*n + 21284 = 3*r - 2806. List the prime factors of n.
3, 7, 41
Let i(a) = a**3 + 13*a**2 - 3*a + 1. Let h be 80 - ((-20)/(-15) + (-4)/3). Suppose 0 = 5*t - 4*w + h - 25, 5*w = t + 11. List the prime factors of i(t).
2, 3, 23
Let t be (251*-2)/((-4)/(-2)). Let m = 6 - t. What are the prime factors of m?
257
Let y(q) = -73*q - 561. List the prime factors of y(-48).
3, 109
Suppose 34*o = 26*o + 32. Suppose 0*b = -3*b + 222. List the prime factors of o + 1 + b + 4.
83
Let z = -683 + 7394. What are the prime factors of z?
3, 2237
Suppose 0 = 5*o + 521 + 64. Suppose 0 = -3*a - 5*y + 764, 5*y = -9*a + 8*a + 248. Let g = a + o. List the prime factors of g.
3, 47
Let v(h) = -h**3 - 22*h**2 - 20*h + 23. Let a be v(-21). Suppose -a*t + 11*t = 63. Suppose 3*w + c = 140, -t*c = -2*c + 5. List the prime factors of w.
47
Let v(h) = -h**2 + 31*h + 62. Let b be v(-12). Let y = b + 1915. List the prime factors of y.
3, 487
Let c(f) = 2*f**3 + 18*f**2 - 168*f + 3591. List the prime factors of c(29).
5, 12527
List the prime factors of 138/(-54)*-2513 + 14/(-126).
2, 13, 19
Suppose -1971872 = -49558*h + 49530*h. What are the prime factors of h?
2, 8803
Let v(x) = 207*x - 2617. What are the prime factors of v(35)?
2, 13, 89
Let r be ((-1)/(-1))/(((-174)/1260)/(-29)). Suppose -15*u + 13*u = -r. What are the prime factors of u?
3, 5, 7
Let h(r) = 5*r**2 + 3. Let f be -2 + 11 + -2 - -3. Suppose 10*c = 8*c + f. What are the prime factors of h(c)?
2
Let j(t) = -7*t - 118. Let d be j(-16). List the prime factors of (-4)/(((-2)/(-118))/(3/d)).
2, 59
Let u(f) = -f**2 + 11*f + 8. Let z be u(10). Let h = z + -21. What are the prime factors of 56/(4 - (-10)/h)?
2, 3, 7
Let h = -134 - -146. Suppose -h = -9*y + 123. What are the prime factors of y?
3, 5
Suppose -151338 = 8*z - 74*z. What are the prime factors of z?
2293
Suppose 11*n - 12*n + 4 = 0. List the prime factors of (66 + 1)/(2/n).
2, 67
Let c(l) = -l + 4. Let g be c(-1). Suppose -2*r + 4*d - 9*d = -927, 2304 = g*r - d. Let u = 667 - r. List the prime factors of u.
2, 103
Let w = -16443 + 31825. What are the prime factors of w?
2, 7691
Let l(b) = 9*b**3 - 47*b**2 + 104*b - 13. What are the prime factors of l(13)?
13, 1013
Let f(z) = z**3 - 60*z**2 + 289*z - 353. What are the prime factors of f(57)?
6373
Let t = 5827 + -4674. What are the prime factors of t?
1153
Let i(m) = -22*m - 32. Let j be i(-6). Suppose -4*b - 391 = 2*w - 11, -2*b + 3*w = 206. Let l = j + b. What are the prime factors of l?
3
Let o(i) = 3*i - 62. Let q be o(20). Let b be 72/27*(2 - (-7)/q). What are the prime factors of 17/(51/b) - (-1652)/6?
2, 137
Let q(j) = -j**3 + 3*j**2 - 3. Let c be q(4). Let x = -14 - c. Suppose -7*o + 334 = 3*f - 2*o, x*o - 128 = -f. List the prime factors of f.
103
Let k be (-57972)/(-24) + 10/4 + -3. Suppose 0 = 3*w + 2*w - 5*f - k, 0 = w - 3*f - 477. List the prime factors of w.
2, 3
Suppose j + 5 = -3*v, -j + 10 = 2*v - 4*v. Suppose -r - 2223 = -j*r. What are the prime factors of r?
3, 13, 19
Let q(a) = -a**3 + a**2 - 4*a. Let l be q(-5). Suppose -14*b = l - 1108. List the prime factors of b.
67
Let w(i) = i**3 + 12*i**2 - 12*i + 16. List the prime factors of w(-10).
2, 3, 7
Suppose -4*a + 9*s = 5*s - 28, -3*a - s = -13. Suppose 31 = 5*v - 3*p + 1, -a*v + 4*p = -30. Suppose -3*u = v - 27. List the prime factors of u.
7
Let s(x) = -50007*x - 1260. What are the prime factors of s(-1)?
3, 16249
Let p be (27 - 29) + (-8)/((-1)/1). List the prime factors of -1*346*(-6)/p.
2, 173
Suppose -2540*c = -2557*c + 35734. What are the prime factors of c?
2, 1051
List the prime factors of ((-67193)/2)/(-7)*(70/7)/5.
29, 331
Let t(g) = -5*g - 10. Let q(c) = 35*c + 70. Let u(y) = -2*q(y) - 15*t(y). Let p be u(6). Suppose w = 2*z - 3*w - p, 3*z - 80 = w. List the prime factors of z.
2, 7
Suppose -39*l + 130197 = -192450. What are the prime factors of l?
8273
Suppose i - 3533 = 5*b, 3*i - 10479 = 162*b - 167*b. What are the prime factors of i?
31, 113
Let u(a) = 3*a**2 + 7*a + 10. Let i be u(-4). What are the prime factors of 1041/6 + 1 - i/20?
173
Let r(h) = 1101*h - 2988. What are the prime factors of r(18)?
2, 3, 5, 11, 17
Let a(s) = s**3 - 16*s**2 - 4*s - 12. Suppose -6*b + 2*b = 3*h - 83, -65 = -5*b + 4*h. Let v be a(b). Let c = v - 77. List the prime factors of c.
2, 3, 11
Let d(a) = -110*a + 93. Let m be d(13). Let t = -684 - m. List the prime factors of t.
653
List the prime factors of ((-2 - 0) + 1197)*(2 + (9 - 6)).
5, 239
Suppose 0 = -26*x - 16686 + 94972. Suppose -4*b - 1386 = -u, 8*b + 3907 = 5*u - x. List the prime factors of u.
2, 691
Let k = -